5?
False
Is 22400 a multiple of 200?
True
Does 56 divide 31920?
True
Does 6 divide 8655?
False
Is 6720 a multiple of 59?
False
Is 10 a factor of 250?
True
Is 36 a factor of 432?
True
Does 41 divide 3502?
False
Is 13 a factor of 6198?
False
Is 21 a factor of 31542?
True
Is 2432 a multiple of 4?
True
Does 9 divide 531?
True
Is 93344 a multiple of 47?
False
Is 1776 a multiple of 8?
True
Is 455 a multiple of 50?
False
Does 9 divide 1188?
True
Does 27 divide 972?
True
Does 9 divide 4947?
False
Does 77 divide 770?
True
Does 39 divide 117?
True
Does 57 divide 1839?
False
Does 53 divide 30012?
False
Does 117 divide 934?
False
Is 115 a factor of 2185?
True
Does 316 divide 59724?
True
Does 6 divide 60?
True
Does 11 divide 594?
True
Does 16 divide 44432?
True
Is 52 a factor of 787?
False
Is 2914 a multiple of 94?
True
Is 8346 a multiple of 78?
True
Is 40 a factor of 15000?
True
Does 25 divide 26625?
True
Is 8556 a multiple of 138?
True
Is 109 a multiple of 31?
False
Is 15680 a multiple of 294?
False
Is 21 a factor of 21?
True
Does 43 divide 8277?
False
Is 286 a factor of 89894?
False
Is 252 a multiple of 3?
True
Does 31 divide 608?
False
Is 74455 a multiple of 18?
False
Is 792 a multiple of 84?
False
Is 34 a factor of 1755?
False
Is 3458 a multiple of 14?
True
Is 46 a factor of 20332?
True
Is 162 a factor of 17496?
True
Is 48960 a multiple of 6?
True
Does 116 divide 1942?
False
Does 9 divide 37854?
True
Does 22 divide 409?
False
Is 2483 a multiple of 13?
True
Is 13 a factor of 14993?
False
Does 3 divide 131?
False
Is 63 a factor of 59094?
True
Is 17 a factor of 255?
True
Is 21 a factor of 5030?
False
Does 3 divide 282?
True
Is 4708 a multiple of 107?
True
Does 16 divide 8588?
False
Does 33 divide 1685?
False
Is 18 a factor of 59886?
True
Does 35 divide 79256?
False
Is 15352 a multiple of 19?
True
Is 45208 a multiple of 4?
True
Does 17 divide 25881?
False
Does 3 divide 561?
True
Is 79520 a multiple of 56?
True
Is 1328 a multiple of 8?
True
Is 27 a multiple of 7?
False
Is 870 a multiple of 10?
True
Is 6 a factor of 2430?
True
Does 56 divide 9168?
False
Is 48268 a multiple of 12?
False
Is 2 a factor of 785?
False
Is 6255 a multiple of 139?
True
Does 88 divide 76296?
True
Is 714 a multiple of 42?
True
Is 107 a factor of 18997?
False
Is 1275 a multiple of 51?
True
Is 2885 a multiple of 40?
False
Is 2850 a multiple of 95?
True
Does 42 divide 42188?
False
Is 13 a factor of 143?
True
Is 122 a factor of 59536?
True
Is 7824 a multiple of 12?
True
Is 71 a factor of 639?
True
Does 12 divide 2100?
True
Does 58 divide 1856?
True
Is 1284 a multiple of 14?
False
Does 6 divide 1649?
False
Does 7 divide 41?
False
Is 2360 a multiple of 18?
False
Is 1122 a multiple of 6?
True
Is 786 a multiple of 4?
False
Is 2409 a multiple of 33?
True
Is 161 a factor of 36656?
False
Is 232 a factor of 26680?
True
Is 197 a factor of 35657?
True
Does 30 divide 3307?
False
Is 23709 a multiple of 21?
True
Is 13 a factor of 9945?
True
Does 107 divide 2675?
True
Is 529 a multiple of 3?
False
Does 2 divide 740?
True
Does 26 divide 5746?
True
Is 61 a factor of 915?
True
Is 266 a factor of 25004?
True
Is 4752 a multiple of 176?
True
Is 5412 a multiple of 246?
True
Is 1020 a multiple of 8?
False
Does 13 divide 1950?
True
Is 19574 a multiple of 219?
False
Is 10 a factor of 8620?
True
Is 131 a factor of 60915?
True
Is 43 a factor of 2924?
True
Is 14 a factor of 3177?
False
Does 82 divide 15744?
True
Is 5 a factor of 145?
True
Is 3063 a multiple of 8?
False
Is 9 a factor of 270?
True
Is 22 a factor of 330?
True
Does 55 divide 10877?
False
Does 10 divide 14930?
True
Does 6 divide 558?
True
Is 69 a factor of 3174?
True
Does 18 divide 16129?
False
Is 14 a factor of 3533?
False
Is 3874 a multiple of 55?
False
Is 1669 a multiple of 13?
False
Is 3762 a multiple of 9?
True
Is 7320 a multiple of 30?
True
Is 23537 a multiple of 9?
False
Is 10812 a multiple of 12?
True
Is 2663 a multiple of 10?
False
Does 2 divide 3436?
True
Is 50668 a multiple of 85?
False
Does 175 divide 12337?
False
Is 1750 a multiple of 18?
False
Does 33 divide 1066?
False
Is 82 a factor of 33931?
False
Is 31 a factor of 10116?
False
Is 23 a factor of 1394?
False
Does 12 divide 7407?
False
Is 9 a factor of 47456?
False
Is 16 a factor of 44189?
False
Is 21 a factor of 17475?
False
Is 3536 a multiple of 6?
False
Does 4 divide 265?
False
Does 52 divide 8684?
True
Is 88 a multiple of 8?
True
Is 8197 a multiple of 28?
False
Is 5187 a multiple of 11?
False
Is 12504 a multiple of 8?
True
Is 1771 a multiple of 23?
True
Does 8 divide 204?
False
Is 12 a factor of 27984?
True
Does 13 divide 5057?
True
Does 3 divide 864?
True
Is 3 a factor of 12?
True
Does 27 divide 1784?
False
Is 10 a factor of 296?
False
Does 10 divide 6871?
False
Is 66 a factor of 10428?
True
Does 9 divide 1168?
False
Does 21 divide 8547?
True
Is 45118 a multiple of 17?
True
Does 18 divide 4858?
False
Is 126 a factor of 5929?
False
Is 306 a multiple of 34?
True
Does 276 divide 88596?
True
Does 9 divide 2716?
False
Is 21 a factor of 775?
False
Is 11 a factor of 17149?
True
Is 2 a factor of 33?
False
Is 2 a factor of 5809?
False
Does 39 divide 20289?
False
Is 399 a multiple of 3?
True
Does 69 divide 814?
False
Does 45 divide 3480?
False
Is 851 a multiple of 30?
False
Does 10 divide 90626?
False
Is 559 a multiple of 122?
False
Does 17 divide 2077?
False
Is 283 a multiple of 3?
False
Is 44586 a multiple of 6?
True
Does 41 divide 624?
False
Does 5 divide 3974?
False
Is 6564 a multiple of 130?
False
Does 6 divide 660?
True
Is 144 a factor of 7632?
True
Does 5 divide 1868?
False
Is 26036 a multiple of 26?
False
Does 10 divide 2970?
True
Does 21 divide 126?
True
Does 76 divide 257?
False
Is 55 a factor of 42676?
False
Is 365 a multiple of 84?
False
Is 4324 a multiple of 47?
True
Is 37 a factor of 2294?
True
Is 21 a factor of 10983?
True
Is 5 a factor of 951?
False
Is 101 a factor of 617?
False
Is 5445 a multiple of 11?
True
Is 43 a factor of 645?
True
Is 1944 a multiple of 216?
True
Is 49 a factor of 4410?
True
Does 14 divide 4276?
False
Is 8 a factor of 4111?
False
Is 253 a multiple of 4?
False
Is 9 a factor of 144?
True
Is 86 a factor of 1257?
False
Does 39 divide 586?
False
Does 16 divide 824?
False
Is 2 a factor of 6500?
True
Is 64537 a multiple of 11?
True
Is 1562 a multiple of 16?
False
Is 290 a multiple of 17?
False
Is 351 a multiple of 3?
True
Does 5 divide 2673?
False
Is 9 a factor of 99?
True
Is 18 a factor of 2286?
True
Does 74 divide 13649?
False
Does 35 divide 9800?
True
Does 21 divide 3947?
False
Does 29 divide 145?
True
Is 955 a multiple of 5?
True
Does 53 divide 1590?
True
Is 2591 a multiple of 20?
False
Does 6 divide 2079?
False
Is 6236 a multiple of 4?
True
Is 4 a factor of 84?
True
Is 3339 a multiple of 53?
True
Is 52 a factor of 1404?
True
Is 273 a multiple of 7?
True
Is 208 a multiple of 2?
True
Is 5162 a multiple of 67?
False
Is 1116 a multiple of 97?
False
Does 13 divide 1976?
True
Is 36 a factor of 25776?
True
Does 146 divide 734?
False
Is 16 a factor of 488?
False
Does 7 divide 11123?
True
Is 186 a multiple of 8?
False
Does 18 divide 1203?
False
Is 10584 a multiple of 28?
True
Is 28 a factor of 1803?
False
Is 3813 a multiple of 41?
True
Is 261 a multiple of 29?
True
Is 234 a multiple of 6?
True
Is 3780 a multiple of 20?
True
Is 131 a factor of 8515?
True
Does 8 divide 776?
True
Is 168 a factor of 23055?
False
Is 17 a factor of 10455?
True
Is 2781 a multiple of 38?
False
Is 79 a factor of 11537?
False
Is 39703 a multiple of 15?
False
Does 36 divide 361?
False
Is 115 a factor of 46995?
False
Does 36 divide 146?
False
Does 3 divide 273?
True
Is 5 a factor of 175?
True
Is 2 a factor of 477?
False
Is 29 a factor of 1544?
False
Is 2947 even?
False
Is 12 a factor of 2219?
False
Does 90 divide 7593?
False
Is 15 a factor of 2646?
False
Does 107 divide 17504?
False
Does 32 divide 10326?
False
Is 2700 a multiple of 90?
True
Does 45 divide 976?
False
Is 50 a factor of 2547?
False
Does 16 divide 4843?
False
Does 60 divide 1560?
True
Does 14 divide 814?
False
Does 11 divide 17663?
False
Is 13068 a multiple of 48?
False
Is 10 a factor of 1660?
True
Is 12 a factor of 12324?
True
Is 2760 a multiple of 15?
True
Is 37 a factor of 40513?
False
Does 11 divide 3753?
False
Is 11863 a 